e 3) to base 5.
2
Convert 5 (base 10) to base 16.
5
Convert 8 (base 10) to base 12.
8
Convert 35 (base 6) to base 13.
1a
Convert -112 (base 6) to base 9.
-48
What is -e (base 15) in base 13?
-11
-69 (base 10) to base 14
-4d
Convert 4 (base 15) to base 4.
10
What is 54 (base 14) in base 13?
59
-1 (base 11) to base 12
-1
What is 101001 (base 2) in base 13?
32
What is -4 (base 10) in base 9?
-4
Convert -2 (base 3) to base 12.
-2
Convert -a (base 11) to base 10.
-10
3 (base 6) to base 5
3
Convert -2 (base 8) to base 3.
-2
Convert -5 (base 14) to base 12.
-5
Convert -4 (base 16) to base 9.
-4
What is a (base 13) in base 5?
20
What is 2 (base 5) in base 11?
2
-1 (base 9) to base 4
-1
What is -47 (base 11) in base 12?
-43
Convert -13 (base 14) to base 5.
-32
What is 4 (base 14) in base 9?
4
-2 (base 16) to base 13
-2
What is 114 (base 5) in base 12?
2a
-4 (base 12) to base 3
-11
Convert 2 (base 12) to base 16.
2
What is 104 (base 5) in base 7?
41
Convert -3 (base 11) to base 6.
-3
What is -62 (base 15) in base 3?
-10102
What is -5 (base 13) in base 15?
-5
-127 (base 9) to base 5
-411
What is -13 (base 7) in base 3?
-101
-34 (base 5) to base 3
-201
Convert a (base 13) to base 8.
12
-40 (base 13) to base 3
-1221
-4 (base 8) to base 4
-10
Convert 14 (base 6) to base 16.
a
What is -5 (base 13) in base 3?
-12
Convert -14 (base 7) to base 15.
-b
What is 3 (base 16) in base 12?
3
6e (base 15) to base 4
1220
Convert -102 (base 5) to base 7.
-36
-413 (base 5) to base 13
-84
Convert 1 (base 14) to base 8.
1
2c (base 14) to base 7
55
Convert -7 (base 8) to base 16.
-7
Convert 2 (base 14) to base 15.
2
4 (base 8) to base 5
4
What is 41 (base 11) in base 12?
39
11102 (base 3) to base 11
a9
21 (base 6) to base 15
d
3 (base 8) to base 14
3
What is -1 (base 12) in base 2?
-1
58 (base 16) to base 15
5d
Convert -3 (base 4) to base 16.
-3
-45 (base 7) to base 10
-33
0 (base 10) to base 16
0
-1100 (base 2) to base 3
-110
What is 12 (base 11) in base 4?
31
1 (base 4) to base 12
1
Convert 7 (base 9) to base 13.
7
Convert 7a (base 12) to base 11.
86
Convert 100011 (base 2) to base 13.
29
What is 173 (base 14) in base 6?
1213
Convert 20 (base 5) to base 6.
14
Convert 83 (base 9) to base 2.
1001011
What is 1 (base 13) in base 10?
1
172 (base 9) to base 3
12102
Convert -137 (base 10) to base 16.
-89
-2 (base 11) to base 10
-2
What is 150 (base 6) in base 13?
51
Convert 0 (base 12) to base 10.
0
What is -15 (base 15) in base 2?
-10100
20 (base 4) to base 14
8
-12 (base 8) to base 4
-22
Convert 64 (base 12) to base 11.
6a
What is -9 (base 15) in base 5?
-14
Convert 1110000 (base 2) to base 12.
94
What is -1101 (base 4) in base 14?
-5b
What is 1c (base 14) in base 16?
1a
What is -98 (base 12) in base 13?
-8c
Convert -8 (base 11) to base 14.
-8
-311 (base 9) to base 4
-3331
What is 0 (base 7) in base 13?
0
0 (base 15) to base 7
0
Convert e (base 15) to base 9.
15
What is -101 (base 6) in base 4?
-211
Convert 23 (base 8) to base 3.
201
What is 1 (base 3) in base 2?
1
10 (base 4) to base 16
4
23 (base 10) to base 4
113
-126 (base 11) to base 9
-175
4 (base 8) to base 5
4
12 (base 4) to base 13
6
What is -2012 (base 3) in base 6?
-135
Convert -1 (base 10) to base 11.
-1
Convert 102 (base 3) to base 10.
11
Convert 30 (base 8) to base 6.
40
What is 1101 (base 2) in base 3?
111
-113 (base 13) to base 3
-20212
What is 22 (base 11) in base 14?
1a
Convert -111 (base 2) to base 10.
-7
-6 (base 12) to base 6
-10
-85 (base 11) to base 6
-233
13 (base 13) to base 12
14
Convert -8 (base 14) to base 15.
-8
101110 (base 2) to base 11
42
-3 (base 11) to base 14
-3
253 (base 8) to base 13
102
15 (base 7) to base 3
110
59 (base 14) to base 15
54
What is -13 (base 4) in base 3?
-21
-8a (base 12) to base 11
-97
-16 (base 12) to base 13
-15
What is 10 (base 11) in base 12?
b
What is 142 (base 8) in base 3?
10122
What is 66 (base 13) in base 10?
84
What is 14 (base 10) in base 12?
12
Convert 14 (base 12) to base 14.
12
What is -4 (base 13) in base 16?
-4
What is d0 (base 15) in base 8?
303
What is -2 (base 8) in base 9?
-2
What is 4 (base 10) in base 9?
4
-5 (base 16) to base 6
-5
Convert 6 (base 9) to base 13.
6
54 (base 16) to base 9
103
1 (base 9) to base 14
1
121 (base 3) to base 12
14
224 (base 5) to base 15
44
Convert 1101 (base 5) to base 12.
107
1 (base 8) to base 2
1
Convert -15 (base 9) to base 6.
-22
What is 2 (base 10) in base 7?
2
Convert -10 (base 8) to base 14.
-8
What is 113 (base 6) in base 16?
2d
What is -1001 (base 3) in base 6?
-44
Convert -33 (base 6) to base 11.
-1a
3 (base 10) to base 9
3
-5 (base 9) to base 8
-5
-3 (base 10) to base 5
-3
Convert -111 (base 10) to base 16.
-6f
What is 1 (base 12) in base 14?
1
Convert -304 (base 6) to base 4.
-1300
What is -1 (base 5) in base 15?
-1
Convert -1 (base 13) to base 9.
-1
Convert 6 (base 7) to base 5.
11
Convert 142 (base 8) to base 3.
10122
Convert -13 (base 4) to base 16.
-7
Convert 2 (base 9) to base 16.
2
0 (base 3) to base 7
0
What is -5 (base 8) in base 12?
-5
Convert 9 (base 11) to base 7.
12
Convert 5 (base 10) to base 12.
5
100 (base 2) to base 15
4
What is 4 (base 10) in base 15?
4
What is -1111 (base 3) in base 6?
-104
418 (base 9) to base 6
1325
What is 3 (base 6) in base 13?
3
4 (base 10) to base 8
4
Convert -10 (base 4) to base 16.
-4
What is 4 (base 9) in base 7?
4
Convert -4 (base 5) to base 2.
-100
Convert 1 (base 4) to base 2.
1
Convert -3 (base 9) to base 6.
-3
2 (base 15) to base 7
2
14c (base 13) to base 7
452
1 (base 15) to base 9
1
What is -44 (base 11) in base 7?
-66
What is -100100 (base 2) in base 8?
-44
What is 116 (base 10) in base 2?
1110100
122 (base 7) to base 12
55
-21 (base 11) to base 5
-43
Convert -33 (base 5) to base 14.
-14
Convert -1 (base 11) to base 2.
-1
-101100011 (base 2) to base 12
-257
What is -3 (base 13) in base 7?
-3
Convert 322 (base 5) to base 6.
223
Convert 17 (base 13) to base 3.
202
What is a (base 15) in base 6?
14
Convert 21 (base 8) to base 7.
23
What is -10 (base 4) in base 7?
-4
-140 (base 7) to base 13
-5c
13 (base 7) to base 3
101
What is 23 (base 6) in base 5?
30
2 (base 12) to base 6
2
2a (base 11) to base 15
22
Convert 204 (base 10) to base 12.
150
What is 14 (base 14) in base 7?
24
What is 0 (base 14) in base 13?
0
Convert -1 (base 15) to base 16.
-1
What is -a (base 14) in base 2?
-1010
What is 82 (base 11) in base 4?
1122
-2 (base 8) to base 16
-2
Convert -55 (base 16) to base 11.
-78
-22 (base 5) to base 3
-110
0 (base 5) to base 4
0
What is 42 (base 6) in base 5?
101
Convert -4 (base 10) to base 15.
-4
What is -31 (base 8) in base 13?
-1c
Convert 105 (base 7) to base 5.
204
What is 5 (base 13) in base 11?
5
-143 (base 6) to base 5
-223
Convert -6 (base 10) to base 16.
-6
What is -5 (base 10) in base 14?
-5
Convert -121 (base 3) to base 12.
-14
Convert 1a (base 13) to base 15.
18
Convert 4 (base 13) to base 12.
4
What is -6 (base 14) in base 5?
-11
What is -25 (base 7) in base 4?
-103
-21 (base 10) to base 8
-25
Convert -10022 (base 3) to base 13.
-6b
Convert 3 (base 6) to base 12.
3
Convert -320 (base 4) to base 7.
-110
What is 111 (base 2) in base 8?
7
-116 (base 7) to base 14
-46
-1 (base 3) to base 7
-1
What is -24 (base 5) in base 4?
-32
3 (base 4) to base 11
3
What is -247 (base 8) in base 7?
-326
Convert -4 (base 5) to base 12.
-4
Convert -54 (base 15) to base 11.
-72
Convert -1c (base 15) to base 2.
-11011
Convert -11 (base 5) to base 12.
-6
Convert -24 (base 9) to base 5.
-42
Convert -1a (base 15) to base 7.
-34
26 (base 12) to base 6
50
Convert -1 (base 7) to base 6.
-1
What is 0 (base 4) in base 11?
0
101 (base 2) to base 10
5
Convert -1100 (base 2) to base 5.
-22
What is -4 (base 15) in base 6?
-4
Convert -110101 (base 2) to base 7.
-104
3 (base 6) to base 14
3
What is -100 (base 2) in base 7?
-4
Convert -2b (base 13) to base 15.
-27
What is 4 (base 16) in base 2?
100
What is 1 (base 10) in base 3?
1
What is 32 (base 5) in base 9?
18
Convert -30 (base 5) to base 4.
-33
Convert -4a (base 11) to base 4.
-312
Convert 0 (base 11) to base 12.
0
Convert -101210 (base 3) to base 7.
-564
Convert -4 (base 14) to base 3.
-11
What is 1223 (base 6) in base 11?
256
What is 1 (base 16) in base 3?
1
What is -6 (base 10) in base 3?
-20
Convert -7 (base 15) to base 13.